the remainder when 39 is divided by v.
4
Suppose -j = 1 - 5. Suppose j*n - 37 = -3*l - 2*l, 5*l = -5*n + 40. Calculate the remainder when 9 is divided by l.
4
What is the remainder when 66 is divided by 7/(-42) + (-139)/(-6)?
20
Let m(j) = j**2 - j + 6. Let z be m(0). Suppose -3*o + 0 = -z. Suppose 0 = -5*p - 0*l - o*l + 141, p - l = 31. Calculate the remainder when p is divided by 10.
9
Suppose -14 = -2*f + 18. Suppose 0 = -2*v - 2 + f. Calculate the remainder when v is divided by 3.
1
Let u(z) = -z - 2. Let x be u(-3). Suppose -5*m + 26 = x. Calculate the remainder when m is divided by 3.
2
Suppose 0*l - 57 = -3*l. What is the remainder when 34 is divided by l?
15
Let r = -10 + 16. Suppose 2*q = r*q - 52. Calculate the remainder when (1/((-2)/(-100)))/2 is divided by q.
12
Let t(w) = -w + 4. Let u(p) = -p - 2. What is the remainder when t(0) is divided by u(-4)?
0
Let u(l) = -l**2 + 11*l - 6. Let m be u(10). What is the remainder when m/(-10) + (-14)/(-10) is divided by ((-6)/9)/((-4)/6)?
0
Let a = 49 - 18. Calculate the remainder when 105 is divided by a.
12
Suppose -2*q + 15 = z + 2, 0 = -4*q + 4*z + 20. What is the remainder when 25 is divided by q?
1
Let f be 6/(1/((-3)/(-6))). Suppose 0 = 4*w - a - 41, 2*w = w - f*a + 20. Calculate the remainder when w is divided by 3.
2
Let z = -276 - -629. Suppose -d = 4*i - 34, 5*d + i - 25 = 50. What is the remainder when 2/(-9) - z/(-9) is divided by d?
11
Let z(r) = -5*r. Suppose 4*j - f - 9 = 0, 2 = 3*j - f + 5*f. Suppose j*i = -2*o, 3*i - 16 = 2*o - o. What is the remainder when z(-2) is divided by i?
2
Let c be 0/2 - 3 - -9. Suppose c*y + 60 = 9*y. Calculate the remainder when 58 is divided by y.
18
Let j(q) = q**3 - 6*q**2 + 1. Let s be j(6). Suppose d - 5*n + s - 2 = 0, 0 = 3*d - 4*n - 36. Calculate the remainder when d is divided by 9.
7
Suppose -5*v = 8*v - 1547. What is the remainder when v is divided by 24?
23
Suppose 0 = 3*u - 5*i - 383, 5*u = 4*u + 5*i + 121. Let z(g) = -g**2 + 44. Let t be z(0). Suppose t = -3*h + u. Calculate the remainder when h is divided by 10.
9
Suppose 2*o - 28 - 24 = 0. Let l = -5 - -19. What is the remainder when o is divided by l?
12
Let c(r) = -r + 7. Suppose 0*u + 3*u - 225 = 0. What is the remainder when u is divided by c(-12)?
18
Let y(r) = r**2 + 2*r + 1. Let q be y(-1). Suppose q = w + 3*w - 44. Let p = 33 + -27. What is the remainder when w is divided by p?
5
Let o = 2 + -28. Let u = o - -49. Let f = -12 + u. Calculate the remainder when f is divided by 6.
5
Suppose -2*n + 3 = -37. Suppose 2*x - n = -2*x. Let t = x + -2. What is the remainder when 7 is divided by t?
1
Suppose -2*v = -f + 5, 2*f - v = -3*f + 34. Calculate the remainder when f is divided by 5.
2
Suppose -5*w = -3*l + 1, w + 4*l = 2 + 7. Let p = 1 + 0. What is the remainder when w is divided by p?
0
Let o = 42 + -11. Let l(w) = w**2 + 3*w + 1. Let g be l(-4). Suppose -g*q - 25 = -80. What is the remainder when o is divided by q?
9
Let p(y) = -y**3 - 5*y**2 - 5*y - 3. Let v = 3 + -7. Let d = -3 - v. Calculate the remainder when d is divided by p(-4).
0
Let m be 3/(-1) - 12/(-2). Suppose 2*f - 4*w = 3*f, 0 = 3*f + m*w. Suppose 2*d + 6 = 2*j, -3*d + f + 7 = -j. What is the remainder when j is divided by 5?
3
Let d(f) = f**3 + f**2 + f + 2. Let p be d(0). Calculate the remainder when (-1)/p*-2*31 is divided by 8.
7
Suppose k - 8 + 7 = 0. What is the remainder when 3 is divided by k?
0
Let y(n) = -19*n + 6. What is the remainder when y(-4) is divided by 29?
24
Suppose 7*y - 104 = 281. Calculate the remainder when y is divided by 19.
17
Suppose -l = -2*g + 14, 5*g + 2*l - 89 = -36. What is the remainder when 50 is divided by g?
5
Let x = 49 + -45. What is the remainder when x is divided by 4?
0
Suppose 0 = 3*g + 6, 6*j - 3*j = -4*g + 118. Suppose -5*q + 39 + 16 = 0. Calculate the remainder when j is divided by q.
9
Suppose -5*b - 7*o + 2*o = -100, 0 = 4*b - 4*o - 40. Calculate the remainder when -1 + 0 + 3*20 is divided by b.
14
Suppose -3*i - 152 = -4*d, d - 9 - 38 = 3*i. What is the remainder when 65 is divided by d?
30
Let q(o) = -o - 1. Let w(l) = 1 - 1 + 2*l**2 - 6 - 6*l. Calculate the remainder when w(5) is divided by q(-6).
4
Let x be (-230)/30 + (-1)/3. Calculate the remainder when x/12 + (-322)/(-6) is divided by 14.
11
Let k(b) be the first derivative of b**3 - 2*b**2 + 4*b + 2. Calculate the remainder when k(4) is divided by (-6)/(-27) + (-115)/(-9).
10
Let t(q) = -q - 4*q + 5 - 8. Let r be t(-2). Suppose 52 = r*p - 3*p. What is the remainder when 36 is divided by p?
10
Let k = 0 + 7. Let h(v) = v**2 - 10. Calculate the remainder when h(k) is divided by 10.
9
Let d(r) = 0*r**2 + 3*r**2 + 0*r**2 + 2. Suppose -2*j + 104 = 2*j. Calculate the remainder when j is divided by d(2).
12
Let g = 81 + -42. Calculate the remainder when 77 is divided by g.
38
Let p(f) = -f**3 + 21*f**2 + 4*f - 25. Calculate the remainder when p(21) is divided by 16.
11
Let p(d) = d**3 - 7*d**2 + 4*d + 3. Let c be p(5). Let h = -18 - c. What is the remainder when h is divided by 5?
4
Suppose -4*q + 4*w = -32, q - 3*w - 7 = 1. Calculate the remainder when 67 is divided by 4/q + (-27)/(-2).
11
Suppose -n + 3*l = -120, 2*l + l = -4*n + 420. What is the remainder when n is divided by 55?
53
Suppose 2*y - 3*o + 21 = 0, 0*o + 10 = -5*y - o. Let a be -3 + -28 + y - 2. Calculate the remainder when 37 is divided by 8/a + (-238)/(-18).
11
Let b(j) = 13*j**2 - j. Suppose -5*z + 2*v + 0*v = 11, 2*v - 3 = -3*z. Suppose 0 = -0*a - 3*a + 78. What is the remainder when a is divided by b(z)?
12
Let r(i) = 6*i. Let q be r(2). Let c = -7 + q. What is the remainder when 8 is divided by c?
3
Let l(q) = q**3 + 9*q**2 + 9*q + 9. Let u be l(-6). Suppose 5*t = -2*r + u, -r + 0*t = 4*t - 27. Calculate the remainder when r is divided by 21.
18
Suppose -z = 2*z - 6. Let m(d) = d**3 + 5*d**2 - 2*d - 5. Let t be (-4)/(-12) + (-32)/6. What is the remainder when m(t) is divided by z?
1
Let s = -13 - -54. Suppose 0*g = 3*g - 63. Calculate the remainder when s is divided by g.
20
Let p(i) = -i**2 + 4*i. Let o be p(3). Suppose 3*d = -o - 15. Calculate the remainder when (-368)/d + 2/3 is divided by 16.
14
Suppose -2*w = -3*d + 13 + 44, d = 3*w + 12. Calculate the remainder when d is divided by (16/(-28))/((-4)/14) - -10.
9
Let y(k) = -k**2 + 5*k + 5. Calculate the remainder when 14 is divided by y(5).
4
Suppose -2*m + 76 = 5*h, -3*h + 45 = 3*m - 6. Calculate the remainder when h is divided by 4.
2
Let j(k) = k - 10. Let y be j(14). Let s be 5/(15/(-6)) + y. Suppose -3*u - f = s*u - 110, 0 = 3*u + 2*f - 59. Calculate the remainder when 44 is divided by u.
21
Suppose r + 4*r - 10 = 0. Suppose -5*k + 43 = 4*n - 20, 0 = -4*n + r*k + 42. Calculate the remainder when 47 is divided by n.
11
Suppose 79 - 11 = 2*q. What is the remainder when q is divided by 14?
6
Let b = -27 + 39. What is the remainder when 46 is divided by b?
10
Suppose -4*h - h = -750. Suppose 4*r - 118 = 2*p, 0 = -5*r + 7*p - 4*p + h. Let b = r - 15. Calculate the remainder when 34 is divided by b.
10
Suppose -22 = -5*f - 2. Let l = 28 - 18. Suppose -3*y = 2*m, 4*m - 8 = 3*y + l. Calculate the remainder when f is divided by m.
1
Let s = 19 + -13. Let i(z) = z**3 - 8*z**2 + 16*z - 8. What is the remainder when i(6) is divided by s?
4
Let i be (-4)/((-3)/(-3) + 0). Let t = 2 - i. Let d = -12 + 16. Calculate the remainder when t is divided by d.
2
Let t = 18 + -14. Let j(l) = 5*l - 2. What is the remainder when j(t) is divided by (-1)/2*-14*1?
4
Suppose -10 = -j - 3*o, 3*j = 3*o + 32 + 46. Let c = 408 - 245. Suppose 4*r - u - 175 - c = 0, 0 = r - 2*u - 81. Calculate the remainder when r is divided by j.
19
Calculate the remainder when (119/(-14))/(1/(-4)) is divided by 18.
16
Calculate the remainder when 38 is divided by ((-6)/12)/(1/(-26)).
12
Suppose 44 + 16 = 4*k. Calculate the remainder when k is divided by 5.
0
Suppose 6*a = a + 5. Let w(l) be the third derivative of 29*l**4/24 - 14*l**2. What is the remainder when w(a) is divided by 10?
9
Suppose -2*j = -4*j + 74. Let m = j - 17. What is the remainder when 77 is divided by m?
17
Suppose u = 4*u - 5*c - 47, -23 = -3*u - c. Let r = -5 + u. Calculate the remainder when r is divided by 3.
1
Let r = 43 + 12. Suppose -5*p + 101 = -5*o +